 factor of u and i?
5
Suppose 2*k - 66 = -0*k - 5*w, -2*k = 4*w - 64. Let a(q) = 3*q**2 - 9*q + 14. Let y be a(2). What is the highest common divisor of k and y?
4
Suppose 32 = 6*a + 26. Suppose -4*c + 22 = -3*k, a = c - 4*k + k. Calculate the greatest common divisor of 1 and c.
1
Suppose -y - 115 = -2*m, 25 = 3*y + 10. Calculate the greatest common factor of m and 108.
12
Let y be (-1)/(-3)*(0 - -375). Suppose -4*f - 140 = -2*f. Let v = f + y. Calculate the highest common divisor of v and 22.
11
Let s be (-132)/9*(-1 - (-14)/(-4)). Suppose 0 = 68*x - s*x - 48. Calculate the highest common divisor of x and 12.
12
Suppose 0 = -0*o + 5*o. Suppose -5*h = w - 104, o = -5*w + 8 + 12. Let y = h - 8. Calculate the highest common factor of y and 4.
4
Let r be 13455/27 + 5/3 + -3. Calculate the greatest common divisor of r and 21.
7
Let v be (4 + 105/(-10) + 6)*-136. Calculate the greatest common divisor of v and 1054.
34
Suppose 2*u = -16*u + 162. What is the highest common divisor of 36 and u?
9
Let r = -1 - -8. Suppose -3*n + 7*n - 20 = 0. Let m = n + r. Calculate the highest common divisor of 12 and m.
12
Let s be (0 - (-100)/(-15))*-3. Let r be (0 - 0/(-2))/2. Let q be 3/(r + 9/24). What is the greatest common divisor of s and q?
4
Let g(h) = 2*h + 2 + 2*h**2 - 2*h**3 - h - 1 + 0*h. Let q be g(-2). Calculate the greatest common factor of q and 23.
23
Suppose 26*d - 4651 = 8921. What is the highest common factor of 30 and d?
6
Let s = 20 + -29. Suppose 3*j - 2*x = -40, 0 = -2*x + x + 2. Let w = s - j. What is the greatest common factor of w and 24?
3
Let g = 353 + -218. What is the greatest common divisor of g and 189?
27
Let d(v) be the second derivative of -v**3/6 - 2*v**2 - 4*v. Let b be d(-6). Let m be b/1*(-12)/(-8). What is the greatest common divisor of 3 and m?
3
Suppose 48 = 5*b + 8. Let p = -2 + b. Calculate the highest common factor of 15 and p.
3
Suppose 102*q - 4*t - 375 = 97*q, -2*t - 69 = -q. What is the greatest common factor of 1343 and q?
79
Suppose -17*j = -20*j + 3*u + 3165, 4*u - 2098 = -2*j. Calculate the greatest common divisor of 13 and j.
13
Let q = 7058 - 4994. Calculate the greatest common divisor of 86 and q.
86
Suppose -222 = -a + 273. Suppose -4*b + a = -9. Let z(q) = -3*q - 1. Let d be z(-5). What is the highest common divisor of d and b?
14
Let z(m) = -m**2 - 19*m - 35. Let n be z(-3). What is the highest common divisor of n and 247?
13
Let r(h) = -h + 14. Let f be r(13). Let a be (-21)/(-14) - f/(-2). Calculate the greatest common factor of a and 18.
2
Let c be 0/(2 - 0) - -7. Let s(w) = -w**3 + 10*w**2 + 11*w. Let l be s(11). Suppose -4*g + 3 + 1 = l. What is the greatest common divisor of c and g?
1
Let m(s) = -12*s - 66. Let y be m(-9). What is the highest common divisor of 30 and y?
6
Let s be -12*(9 + 3)/(-3). Suppose -3*h = -1 - 11, 3*f - 32 = -2*h. Suppose 4*l = f*l - s. What is the greatest common divisor of l and 4?
4
Suppose 0 = -92*h + 82*h + 270. Calculate the highest common factor of 3 and h.
3
Let m(j) = j**2 + 11*j + 5. Let y be m(0). Let x be 14 + (3 + -4)*y. What is the greatest common factor of 6 and x?
3
Let s = -21 - -8. Let q be ((-130)/s)/((-1)/9*-2). Let b = -5 - -10. Calculate the highest common factor of q and b.
5
Let h(p) = 6*p**2 - 105*p + 60. Let s be h(20). Calculate the greatest common factor of 450 and s.
90
Let y be 5/(-4) - 205*4/(-80). Calculate the highest common divisor of 756 and y.
9
Let a(d) = 6*d**3 - d**2 - 16*d + 9. Let p(h) = -h**3 - h**2. Let c(l) = a(l) + 5*p(l). Let j be c(8). What is the highest common divisor of 1 and j?
1
Let b = 67 - 26. Let p = 65 - b. Suppose 0*c - 8 = -2*i - 4*c, 0 = 5*i + 4*c - 26. What is the greatest common divisor of p and i?
6
Suppose -355*j = -350*j - 2200. Calculate the greatest common factor of 16 and j.
8
Suppose -3*v + 72 = -v. Suppose 3*l - x - 107 = -6*x, -l + 17 = -3*x. Suppose -4*t + l = -19. What is the greatest common factor of t and v?
12
Let o = -547 + 2247. What is the highest common factor of o and 5?
5
Suppose -2*j - 3*a + 132 = 0, -2*a + 240 + 68 = 5*j. Suppose 5*d = -2*w + 68, -3*d + 8*d - 3*w = 48. What is the highest common divisor of d and j?
12
Suppose 0 = -2*j - 252 + 360. What is the highest common factor of 135 and j?
27
Let a = -310 - -322. Calculate the greatest common factor of a and 1212.
12
Let o = -191 + 488. What is the greatest common factor of o and 27?
27
Let i(b) = b**2 - 2. Let l be i(-1). Let g be (5 + -15 + 4)/(2*l). Calculate the highest common factor of g and 2.
1
Suppose 74 - 76 = -d. What is the highest common divisor of d and 9?
1
Let m = -228 + 273. Calculate the highest common factor of m and 99.
9
Let l = 3728 + -3712. Let p = 9 + -5. Calculate the greatest common divisor of l and p.
4
Suppose 4*f - 1 = 35. Suppose 0*j + 2*j = 0. Suppose 5*l - l - 144 = j. Calculate the greatest common factor of f and l.
9
Let l(m) = m**2 - m. Let s be l(1). Suppose -3*f = -s*f - 30. What is the greatest common divisor of f and 15?
5
Suppose -818 = -7*o + 1086. What is the highest common divisor of 187 and o?
17
Suppose 0 = -x - d + 130, 3*d + 506 = 4*x - 0*d. Suppose 4*k - 519 = 490 - 977. What is the highest common factor of k and x?
8
Suppose -7809 = -14*s + 9747. What is the greatest common divisor of s and 19?
19
Suppose -11*b = -89*b + 67158. Calculate the highest common divisor of b and 42.
21
Let q be (-1 + 3)/(-1)*(9 + -493). What is the highest common divisor of 33 and q?
11
Suppose -4*p + 137 - 10 = 5*z, 3*p - 5*z - 69 = 0. Let u be (308/(-110))/(-1*1/5). What is the greatest common divisor of p and u?
14
Let h(a) = a - 11. Let u be h(5). Let l be ((-283)/3 + 1)/(2/u). Calculate the highest common factor of 28 and l.
28
Suppose 0 = 4*t + 2*s - 22, -6*s = 3*t + 31 - 61. Let q(h) = 5*h**2 - h + 4. Let j be q(-3). Calculate the highest common divisor of j and t.
4
Let t = 43 - 26. Suppose 5*p - 9 = 1, -3*n - p = -t. Suppose -4*h + 29 = 5*d, h = 6*h - n*d + 20. Calculate the greatest common factor of 1 and h.
1
Suppose b = -4*m + 2 + 1, -2*m = 0. What is the greatest common factor of 1 and b?
1
Let h(u) = 98*u. Let t be h(1). Let l be (2 + 9/(-1))/((-30)/60). What is the greatest common factor of t and l?
14
Let u(b) = b**3 + 7*b**2 - 4*b - 14. Let g be u(-7). Calculate the highest common factor of g and 287.
7
Suppose -5*o - 189 = -979. Let r be -70 + 0/(0 + 1). Let z = o + r. What is the highest common divisor of 11 and z?
11
Let m(q) = -q**3 + 7*q**2 - 6*q - 5. Let g = -108 + 113. Let p be m(g). Calculate the greatest common divisor of p and 15.
15
Let z be (-6 - 2/(-1))*-12. Suppose 0 = -5*x - 20 + 140. Calculate the greatest common divisor of z and x.
24
Let h be ((-3)/(-6))/(1/242). What is the highest common divisor of 44 and h?
11
Let k be 4/(48/20)*(-54)/(-2). Calculate the highest common factor of k and 45.
45
Let g = -7 + 9. Suppose g*k = 4*k. Suppose 0 = 5*s, k*s - 48 = -4*o + 5*s. Calculate the greatest common divisor of 6 and o.
6
Let f be 3*(372/27 - 28/63). What is the highest common factor of f and 90?
10
Let n(b) = -b**2 - 6*b - 2. Let a be n(-4). Let s(q) = 2*q**2 - 2*q + 28. Let m be s(a). What is the greatest common divisor of m and 8?
8
Let f be (-2)/3 + -148*34/(-24). Suppose -6*l + 95 = -l. What is the highest common divisor of l and f?
19
Let h = 2297 + -1890. What is the highest common factor of h and 66?
11
Let d be 6 - ((12/(-4) - 2) + 2). Let i(c) = 0*c**3 + 4*c**3 - 5*c**3 + 72. Let w be i(0). What is the greatest common factor of w and d?
9
Let v(f) be the first derivative of -f**3/3 - 6*f**2 + 14*f - 13. Let o be v(-13). Calculate the highest common divisor of 5 and o.
1
Let r be (-4)/14 + (-18540)/(-63). What is the greatest common factor of r and 21?
21
Let i = 17 - 1. Suppose 2*x + 24 = 4*x. Let j be -3 - (3 - -2 - x). What is the highest common divisor of j and i?
4
Let x(p) = -p. Let g be x(-2). Suppose 3*u + 122 = 2*s - 45, g*s - 164 = 4*u. Calculate the greatest common factor of s and 11.
11
Suppose -2*c = -c - 14. Let w be (-4)/c + (-1161)/(-21). Let o(q) = 3*q + 29. Let k be o(-6). What is the greatest common divisor of k and w?
11
Let d = 1706 + -1660. Calculate the highest common factor of d and 1426.
46
Let f(s) = -s**3 + 5*s**2 - 2. Let z be f(4). Let t = 